est common factor of 1122112 and 3940.
788
What is the highest common divisor of 11482 and 22060?
2
Calculate the greatest common divisor of 85170 and 70170.
30
What is the highest common factor of 21566909 and 1911?
637
Calculate the greatest common divisor of 10647 and 2047149.
117
Calculate the greatest common factor of 862 and 10965502.
862
What is the highest common divisor of 2025 and 147995910?
405
Calculate the highest common divisor of 3998457 and 432.
27
What is the greatest common divisor of 92598 and 316434?
138
What is the greatest common divisor of 2822 and 36069393?
1411
What is the greatest common divisor of 46798869 and 2769?
2769
What is the greatest common divisor of 36544 and 2759643?
571
Calculate the highest common factor of 35575155 and 1365.
105
Calculate the highest common divisor of 5279466 and 32562.
402
Calculate the highest common divisor of 28320640 and 304.
304
What is the greatest common divisor of 114362 and 227911?
271
Calculate the highest common divisor of 418082812 and 749.
749
What is the greatest common divisor of 955490 and 910?
10
Calculate the highest common factor of 465 and 5016234.
93
What is the highest common factor of 2945833 and 649?
11
What is the highest common factor of 16 and 12562168?
8
What is the highest common divisor of 15113 and 5027393?
119
What is the highest common divisor of 52596 and 70848?
108
What is the highest common divisor of 1115601 and 1189?
29
Calculate the greatest common factor of 34974 and 90934812.
1206
What is the greatest common factor of 111524381 and 134?
67
Calculate the greatest common divisor of 343958522 and 7064.
1766
Calculate the highest common divisor of 317492 and 12530581.
3451
What is the highest common divisor of 4998 and 63053?
17
What is the greatest common divisor of 3056658 and 1584?
66
What is the highest common divisor of 2982 and 15450736?
994
What is the highest common divisor of 4356 and 932?
4
What is the greatest common factor of 146300506 and 77?
11
What is the highest common factor of 43300218 and 39?
39
Calculate the highest common divisor of 2343 and 91677.
3
Calculate the greatest common factor of 13727 and 130277.
259
Calculate the highest common divisor of 71114 and 5846.
74
Calculate the greatest common factor of 3339705 and 60.
15
Calculate the greatest common divisor of 17713521 and 63.
63
Calculate the greatest common divisor of 148093428 and 60.
12
Calculate the greatest common divisor of 208 and 1190072000.
208
What is the highest common factor of 21151693 and 247?
19
Calculate the highest common divisor of 38179 and 28032.
73
What is the greatest common factor of 97968 and 539136?
624
Calculate the highest common factor of 34304 and 3345712.
1072
What is the highest common factor of 3246336 and 204?
12
Calculate the greatest common factor of 59389960 and 980.
980
Calculate the highest common factor of 277436755 and 32444.
8111
Calculate the greatest common divisor of 3317 and 32863980.
107
What is the highest common factor of 4940 and 3531435?
95
What is the greatest common factor of 377 and 3079739?
13
What is the highest common factor of 28863208 and 1293?
431
What is the highest common divisor of 73149449 and 7486?
3743
What is the greatest common divisor of 1951118 and 68276?
2626
Calculate the highest common factor of 7055 and 244715.
85
Calculate the greatest common divisor of 162320 and 4900.
20
What is the greatest common factor of 10138 and 962111?
37
Calculate the highest common divisor of 6 and 259367034.
6
What is the highest common divisor of 157 and 381035546?
157
What is the highest common factor of 5786 and 36773?
11
What is the greatest common factor of 782375244 and 84?
84
Calculate the greatest common divisor of 2241 and 8.
1
What is the greatest common divisor of 334745914 and 4?
2
What is the highest common factor of 190 and 27639376?
38
Calculate the highest common divisor of 468345422 and 7611.
2537
What is the greatest common divisor of 272 and 24361136?
272
Calculate the greatest common factor of 135 and 9292743.
9
What is the greatest common divisor of 6372 and 54324?
108
What is the highest common factor of 3997938 and 3262?
14
What is the greatest common divisor of 3048186 and 1968?
246
Calculate the highest common divisor of 910 and 1579214.
182
Calculate the greatest common divisor of 1638 and 27909126.
126
Calculate the highest common factor of 16830 and 365621652.
3366
Calculate the highest common divisor of 10260 and 2590270.
190
Calculate the greatest common divisor of 32488827 and 10591.
623
What is the greatest common factor of 224 and 371647360?
224
What is the greatest common factor of 36107099 and 17?
17
What is the highest common divisor of 4 and 4511636?
4
What is the highest common divisor of 2687481 and 558?
9
What is the highest common factor of 12325 and 25906425?
725
What is the greatest common factor of 1744568 and 56?
56
Calculate the greatest common factor of 27 and 192401982.
9
Calculate the highest common divisor of 2426424 and 3146.
286
Calculate the highest common divisor of 7195 and 67890581.
1439
What is the greatest common divisor of 3269 and 33285425?
467
What is the highest common divisor of 204 and 7833668?
68
Calculate the highest common divisor of 1127973 and 1970661.
4389
Calculate the greatest common divisor of 116862628 and 40100.
1604
Calculate the highest common factor of 1953 and 185934807.
279
Calculate the highest common divisor of 591 and 10955761.
197
What is the highest common factor of 104 and 17271943?
13
Calculate the greatest common divisor of 81 and 49420.
1
Calculate the highest common factor of 8440 and 1038419620.
4220
Calculate the highest common factor of 2248407 and 155187.
3609
What is the greatest common factor of 14697 and 1039554?
207
What is the greatest common divisor of 41196672 and 1152?
1152
What is the greatest common divisor of 1898 and 1342588?
26
Calculate the greatest common factor of 1 and 144459027.
1
Calculate the greatest common divisor of 29024 and 691344424.
7256
Calculate the highest common divisor of 338 and 41600026.
338
Calculate the highest common divisor of 26629435 and 70.
35
Calculate the highest common divisor of 11066550 and 1235.
95
What is the highest common factor of 1481591932 and 1420?
284
Calculate the highest common factor of 12554596 and 598.
46
Calculate the greatest common factor of 731304 and 7686.
126
What is the highest common divisor of 5082 and 227514?
42
Calculate the greatest common factor of 2815206360 and 80.
40
What is the highest common factor of 20 and 8045720?
20
Calculate the greatest common factor of 6133344 and 1120.
224
What is the highest common factor of 424 and 67620050?
106
What is the greatest common factor of 46311078 and 52338?
4026
What is the highest common divisor of 2826 and 27420606?
18
Calculate the greatest common factor of 252 and 12899232.
36
Calculate the greatest common factor of 14391850 and 33154.
3014
What is the greatest common factor of 115 and 15278785?
115
Calculate the highest common divisor of 6706 and 69430571.
3353
Calculate the greatest common divisor of 116600 and 102960.
440
What is the highest common divisor of 11831976 and 824?
8
Calculate the highest common divisor of 1008 and 46219824.
1008
What is the greatest common factor of 938 and 3843588?
14
Calculate the highest common divisor of 87965524 and 2668.
92
Calculate the highest common factor of 23201745 and 5880.
735
What is the greatest common divisor of 13872 and 13596?
12
What is the greatest common divisor of 216 and 7264764?
36
Calculate the greatest common factor of 102795 and 7491.
33
What is the highest common divisor of 313618 and 580170?
466
What is the highest common factor of 1333524 and 48?
12
Calculate the greatest common factor of 1435 and 1141235.
205
What is the highest common factor of 561 and 2779002699?
561
Calculate the greatest common factor of 33649 and 7363279.
1463
Calculate the greatest common factor of 6399 and 266328.
81
What is the greatest common divisor of 164308389 and 1610?
161
What is the greatest common divisor of 6609639 and 219?
219
What is the greatest common factor of 10897 and 8687?
17
What is the highest common factor of 1701656 and 94466?
634
Calculate the 